 - 17)).
-4
23 - (-18 - (-22 + 11) - -8)
22
What is the value of (5 - (3 + 18)) + 30?
14
What is 9 + 14 + (5 - 31)?
-3
What is -1 + (1 + -7 - 0 - -5) + 4?
2
Evaluate -6 + (-18 - 19 - -22).
-21
Calculate (-3 - 8 - 0) + 17.
6
Evaluate 10 + 1 - (944 - 944).
11
Calculate (2 - 15 - -5) + -34 + 28.
-14
Calculate (3 + -2 - 33) + -38 + (39 - -10).
-21
Calculate 2 + (-7 + 6 - -8) + 1.
10
What is 6 + (0 - (2 + 0 + (13 - 15)))?
6
Calculate 24 + -9 + 25 + -14.
26
Calculate 3 - ((2 + 4 - 9) + 6).
0
What is the value of -8 + 10 + 2 + 2 - -7?
13
What is 13 - (-1 + (-6 + -2 - (5 + -7)))?
20
-41 - (26 + -94 + 22)
5
Evaluate 4 + -3 + (-6 - -5) + 4 + 4.
8
Evaluate 18 + 2 + 11 - (3 - -7).
21
What is the value of 0 + 5 + -23 + (-1 - (2 + -4))?
-17
What is the value of -13 - (-6 + 3 + -11 + -10)?
11
Evaluate 23 + (17 - 7) - 19.
14
(17 - 2) + (30 - (3 + 23))
19
What is (-1 - (-47 + 29)) + (-8 - -1)?
10
(24 - 5 - 10) + (-3 - (1 + 1))
4
Calculate 10 + 6 + (6 - (4 + 4)).
14
Calculate (25 - 51) + 25 - -8.
7
What is the value of 37 + 2 + -101 + 58?
-4
Calculate 7 - (-6 + 14 + -11 + -10).
20
(-3 - (-13 + 3)) + 1 + 1 + -2
7
What is -72 - (-3 + -51) - (-1 - 12)?
-5
What is -55 + 58 + (-15 - -17) + 1 + -5?
1
What is the value of -782 + 765 - (-1 + 8)?
-24
1 - 13 - (-22 - (5 + -21 - -1))
-5
Evaluate (0 - (0 - (0 - 13))) + (-2274 - -2272).
-15
Calculate -15 + (-16 - (-40 - -24)).
-15
What is the value of -6 - (-2 + -6 - -13)?
-11
Calculate (7 - -8) + -2 + -9 + -5 + -2.
-3
What is the value of 5 - -6 - (9 - 9 - -8)?
3
Evaluate 2 + 2 - (11 + -1).
-6
What is the value of (-3 - (15 - -1)) + 34?
15
What is 2 + -2 + -66 + 72?
6
What is the value of -8 - ((2 - 6) + (3 - -3) + -3)?
-7
14 + 10 + (6 - (4 - 0))
26
Calculate -20 + -1 - -21 - (9 - (2 - 2)).
-9
Evaluate 14 + -4 + -21 + 14.
3
Calculate (-1 - (1 - 0) - -4) + (-13 - -7).
-4
(-142 - -140) + 0 + -2 + -1 + 26
21
Evaluate (10 - 75) + 39 - (0 + -1 + 2).
-27
What is the value of (1 - -14 - (-12 + 20)) + -11 + -13?
-17
What is the value of -6 - (-1 - (11 - 3))?
3
What is -8 - (0 + -25 + 8 + -2)?
11
(9 - (4 + 3 + 23 + -1)) + 2
-18
-7 - (10 + 16 + -38)
5
What is (-2 - (4 - -6 - 11)) + 6 + 0?
5
(245 - 235) + 1 + -7 + (2 - -6)
12
What is 2 + ((-7 - -10) + 6 - (-2 + 2))?
11
-12 - (1 + 0 - (-22 + 29))
-6
14 + (-29 - 8) + 13
-10
Evaluate (10 + -15 - -4) + 5 + -2 + 2.
4
12 + (0 + -3 - (12 - 9)) + 4
10
Evaluate 3 + (1 - 11) + (1 - (-9 - 7)).
10
What is the value of (7 - 7 - (4 + (2 - -2))) + -1?
-9
What is 0 + 42 + -11 + 0 + -10?
21
-15 + 16 + 13 + -33 + 4
-15
What is 2 - (11 + -7 + 7)?
-9
Evaluate -37 - (-41 - (-52 + 39)).
-9
Calculate -6 - ((-1 - 7) + -6).
8
Evaluate -10 + 2 + 9 + -8 - -1 - -10.
4
What is 2 + -6 + (102 - 99) + (0 - -7)?
6
39 + 41 + -52 + -3
25
What is -2 - 1 - -12 - (-17 - -10 - -36)?
-20
Evaluate (-1 - 14) + (-76 - -81).
-10
Calculate (-21 - (14 - 45)) + -3 - (13 - -1).
-7
What is -3 + (8 - 1 - (47 - 52))?
9
-2 - (-31 - 7 - (6 + -9 - 2))
31
What is the value of 0 - (-1 - -5) - (-6 + -11 + 16)?
-3
What is the value of (8 - 16) + 10 + 8?
10
Evaluate (1 - 15) + 2 + -4 + 10 + -2.
-8
Evaluate 3 - (-12 + 8 + (-1 - (-24 - -3))).
-13
What is the value of 1 - (1 - -4) - (-41 - (-70 - -28))?
-5
-11 + 0 - (11 - 29)
7
What is the value of 244 + -249 + (9 + -9 - (0 - -10))?
-15
-1 + -4 - (15 + (-21 - -13) + -23)
11
What is 11 + -17 + 23 + 6?
23
What is the value of -2 - (16 - 12) - (3 - (0 - -2))?
-7
Evaluate 39 - (46 + (-13 - 9)).
15
Evaluate -10 - 0 - -1 - (-3 - 4) - -12.
10
What is the value of -6 - (28 + -19 - (-9 + -3))?
-27
What is the value of 4 + 4 + -2 - (1 + 1)?
4
What is 16 - (-2 - (-37 + 17))?
-2
What is the value of -8 - (38 - 8 - 32)?
-6
What is the value of 15 - 4 - 2 - 8?
1
What is -44 + 105 - (0 - -33)?
28
-45 + (-30 - -61) - (4 - 9)
-9
Calculate 19 + -42 + 6 - -15.
-2
Calculate -3 + -1 - (-72 - -81).
-13
What is the value of 1 - 0 - (3 + 8 + -17)?
7
What is the value of -821 + 826 + (-1 - 14)?
-10
Calculate -7 + -8 + 7 + -1 + 12.
3
What is -1 - -12 - (-1 - -8)?
4
Evaluate 66 + -91 - (2 - 10 - -3) - 10.
-30
(-7 - 12 - -12) + -1 + 0 - 7
-15
Calculate -2 + 1 + 13 + -14.
-2
What is (-1 - -7) + (-3 - (17 - 10))?
-4
5 + (3 + -12 - 13) - -10
-7
What is the value of -9 + 3 + 9 + 3 + -21 - -5?
-10
15 - (-11 + 3 - -18)
5
What is the value of -5 + (-2 - -11) + -2 + (-120 - -100)?
-18
Evaluate 1 - (12 + 5 + (-1 - (11 - 1))).
-5
Evaluate -4 + (-11 - -8) + 11 - -4.
8
What is the value of -6 - -2 - (34 - 29) - (-1 + -25)?
17
Calculate -5 + (8 - 13 - 5 - -20).
5
Calculate -5 + 24 - (52 + (17 - 17)).
-33
What is the value of 7 + (4 - 21 - -5)?
-5
Calculate -14 + -2 + 2 + 0 + 36 + -29.
-7
Calculate 13 - 16 - (1 - 3) - 1.
-2
What is 37 - (25 - 9) - 12?
9
Evaluate -15 - -3 - ((-11 - 14) + 17).
-4
2 - (-3 + (1 - 14) + 3 + 3)
12
Evaluate (-2 - -13) + (-7 - (-9 + 11 - 3)).
5
0 - (2 - (-1 - -8) - (-2 - 0))
3
Calculate 1 - -17 - (56 + -19).
-19
-2 + 9 + (2 - (24 + -8))
-7
(5 - (6 + (3 - 0))) + -6
-10
Calculate (17 - (1 - -14)) + (-8 - (0 + -2)).
-4
What is the value of -34 + (-7 - -59) - 2?
16
What is the value of (-11 - -1) + -59 + 73?
4
What is the value of -4 + 52 - (-102 + 116)?
34
Evaluate -7 + ((4 - (-7 - -6)) + -19 - 9).
-30
Calculate (26 - 21) + (4 - -1).
10
(-20 + (-3 - -12) - -19) + -4
4
What is the value of -1 + -8 + -1084 + 1116?
23
Calculate -11 - (-4 + (10 - 3) + (9 - 6)).
-17
Evaluate 13 + (-2 + (2 - 7 - -11) - 5).
12
Evaluate 18 + (18 - 29) + 9.
16
Calculate (-3 - (-20 - (-14 - 5))) + (8 - 1).
5
What is -1 + -3 + 0 + (45 - 44) - 3?
-6
Calculate -11 + -3 - ((-9 - -15) + -15) - 20.
-25
What is (-3 + 8 - -6) + -41 + (14 - 10)?
-26
Calculate 5 - (18 + -24 - -3).
8
-338 + 347 - (-9 + -4 + 0 + 1)
21
What is the value of (-37 + 74 - 1) + -7?
29
Calculate -94 - -96 - (5 + (4 - (3 - 2))).
-6
Calculate 1 + -9 + 27 + 6 + -26.
-1
What is (-99 - -95) + -10 + 40?
26
Calculate -17 + 35 - 52 - -16 - 3.
-21
7 - (26 - 20) - (0 + 19)
-18
7 + 1 + (11 - 7 - 3)
9
(22 - (4 - -52)) + 23
-11
8 - (7 - (50 + -24))
27
What is (-6 + -29 - 3) + (-10 + 4 - -14)?
-30
What is the value of 2 - ((-4 - 2) + (16 - (-11 + 9)))?
-10
-20 - -16 - (3 - 3) - -20
16
What is -9 + (-9 + 1 + 1 - (86 + -89))?
-13
What is the value of 6 - (0 - 0) - 3 - -3?
6
Calculate 3 - (-2 + 3 + 0 - (23 - 20)).
5
Calculate (-23 - (94 - 145)) + -4 + 0.
24
Calculate -8 + 3 + (1 + 5 - -5) + -10.
-4
What is -6 + -4 + 1 + 3 - (6 + -25)?
13
Calculate (-4 - (-7 + 3 - 12)) + 14.
26
What is (12 - -17) + -13 + 10 + -1?
25
Calculate 26 - (1 + 12) - (-1 - 7).
21
What is 11 + 0 - (706 + -683)?
-12
Evaluate -22 + 3 + -3 + -521 + 525.
-18
120 + -117 - (1 - (2 - 0))
4
Evaluate (-93 - -73) + (-5 - -4).
-21
Calculate 358 - 338 - (4 - (3 + -2)).
17
Calculate (3 + (2 - 3) - -2 - 4) + -4.
-4
What is -1 + 21 - (11 + -4 + -5 + 4)?
14
(-13 - -1) + (76 - (-42 + 96))
10
What is the value of -1 + 1 + (2 - (-6 + 2)) + -11?
-5
What is the value of (2 - (-1 - 3)) + (-12 - 3)?
-9
Calculate 1331 + -1387 - (-2 - 36).
-18
Calculate 22 - -7 - (-2 + -9 + 5).
35
What is -3 + (-3 - (14 + 5)) - (-1 + 2)?
-26
What is 6 - (-31 + (52 - 17))?
2
Calculate -6 + (-3 - (8 + -15)) - -5.
3
2 - (-6 - 3) - 16
-5
Calculate -2 + 0 - (-66 + 75 - (16 - 1)).
4
6 + -12 + -4 - -9
-1
Evaluate 5 + -24 + 12 + 1 + 12.
6
What is 18 + 11 + -23 + 1 + -1 - -1?
7
Evaluate -10 + 28 + -4 - 9.
5
0 + (15 - (-14 - -32)) - -1
-2
Evaluate -37 - (-12 + -2 + 27 + -17).
-33
Calculate 1 + (-9 - -4 - -1) + (4 - 4).
-3
Evaluate 5 + (1 - 0) + -3 + -4 + -5.
-6
Evaluate (1 - 6 - -1) + -11 + (-6 - 0).
-21
(28 - 50) + 24 - 29
-27
Calculate -54 - -42 - (14 - 0) - -6.
-20
What is the value of 0 + -5 - 7 - (-8 - -2) - -10?
4
Evaluate -13 + (9 + -3 + -3 - 5).
-15
Calculate 6 - (20 + -1 + (2 + -2 - -1)).
-14
What is 111 - 78 - (-3 - -28)?
8
2 + 3 + (50 - 58) + -8
-11
What is the value of -24 - (-49 + 28) - (-14 + 2)?
9
What is the value of 25 - (26 - 18 - -11)?
6
What is -6 - 12 - -24 - 13?
-7
What is the value of 12 - (15 + -40 + 27)?
10
What is 34 + -1 + (-17 + 5 - -12) + 7?
40
Calculate 11 + 5 + -27 - -24 - 1.
12
What is the value of 19 + -55 + 20 + 29?
13
Evaluate 11 + -1 - (754 + -758).
14
Calculate -82 + 110 + (8 - 22).
14
2 - 2 - (32 - 31) - 6
-7
Calculate 11 + 12 + 1 + -10.
14
-16 - ((-8 - -13) + 2 + (0 - 3))
-20
What is (-27 - (-38 + 16)) + 0 + -7 + 0?
-12
Calcul